t l = -19 + y. Suppose 0 = -11*w + 2*w + l. What is the remainder when 39 is divided by w?
9
What is the remainder when ((-11518)/(-6))/(((-23)/368)/(9/(-48))) is divided by 120?
119
Suppose -8 - 24 = -4*x. Let y(s) = -x*s - 9*s + 3*s**2 - 6*s + 13 + 6*s. What is the remainder when 65 is divided by y(6)?
8
Suppose 10*v = -123 - 37. What is the remainder when 40 is divided by (3 - 142/(-10)) + v/(-20)?
4
Let y(l) = l**2 - 19*l - 52. Let p be y(21). What is the remainder when 125 is divided by ((-54)/(-21)*2)/(p/(-35))?
17
Let c = 14777 + -11806. What is the remainder when c is divided by 12?
7
Let y(a) = 3*a + 46. Let d be y(-4). Calculate the remainder when -2*d/51*(-2154)/8 is divided by 40.
39
Suppose 0 = 5*y - 2*w - 165 - 237, -5*y - 5*w + 395 = 0. Calculate the remainder when 223 is divided by y.
63
Suppose 0 = 143*o - 23*o + 97*o - 651. Let b = 124 + -46. What is the remainder when b is divided by o?
0
Let s = 110 + -103. Calculate the remainder when s + 6/(-2) - (-39)/1 is divided by 11.
10
What is the remainder when 1316/6 + (2320/48)/29 is divided by 76?
69
Suppose -17 = -8*n + 55. Calculate the remainder when 229 is divided by n.
4
Let h(m) be the third derivative of m**4/12 + 2*m**3/3 + 14*m**2. Let q be h(6). What is the remainder when 155/3 + q/(-24) is divided by 9?
6
Let a = -72 + 102. Let q(p) = 2*p + 20. Let b be q(-9). Suppose -7*z = b*z - 153. Calculate the remainder when a is divided by z.
13
Let d(n) = n**3 + 11*n**2 - 8*n + 396. What is the remainder when d(-12) is divided by 145?
58
Suppose 18*i - 1 = -1. Suppose i = 28*y - 31*y + 12. Calculate the remainder when 9 is divided by y.
1
Let f = 646 - 646. Suppose f = -k + 2*d + 199, -10*d = -14*d + 12. What is the remainder when k is divided by 13?
10
Let l = 536 - -320. What is the remainder when l is divided by 39?
37
Suppose -2*d = 3*a - 4, -6*d = -4*a - d + 13. Suppose 3*r + 13 = -3*m + 40, 3*r - 7 = a*m. Calculate the remainder when 2 - (m + (3 - 84)) is divided by 27.
25
Let w(l) = 2*l**2 - 5*l + 4. Suppose -52*k + 3*b + 7108 = 0, -k - 4*b = -4*k + 456. What is the remainder when k is divided by w(6)?
44
Let w(y) = 212*y + 2778. What is the remainder when w(-13) is divided by (4/10)/(2/30)?
4
Let f = -40 + 26. Let b = -12 - f. What is the remainder when 2 is divided by b?
0
Let x = 203 + -199. Let v = 32 - 28. Suppose -i - 819 = -5*u, x*u = -v*i + 349 + 311. What is the remainder when u is divided by 24?
20
Let u = -73 - -139. Suppose -i - 49 + u = 0. What is the remainder when 41 is divided by i?
7
Let w(z) = z**3 - 2*z**2 + 19*z - 22. What is the remainder when 14692 is divided by w(3)?
40
Let s be ((-15)/35)/(2/(-70)). Let c(r) = r**2 - 16*r + 31. What is the remainder when 106 is divided by c(s)?
10
Suppose -81*a = -229*a - 185*a + 261738. What is the remainder when a is divided by 65?
6
Suppose 165*d - 170*d = -1190. What is the remainder when d is divided by 56?
14
Suppose 4251 - 5505 = -6*b. Calculate the remainder when 2935 is divided by b.
9
Suppose 5*o - 2*o - 38 = 5*v, -2*v - 2 = 0. Let n = 1061 + -973. Suppose -o*j + n = -3*j. What is the remainder when 32 is divided by j?
10
Let q = -22 - -35. Calculate the remainder when (-536)/(-12)*(111 - 105) is divided by q.
8
What is the remainder when 570722*(-3)/(-162) - 6/(-81) is divided by 34?
29
Suppose b - 4*f + 31 = 0, 0*b + 4*b + 2*f = -52. What is the remainder when (-55)/b*-3*-2 is divided by 5?
2
Let p be (9/3 + 1)*1. Suppose -g + 3*f = -14 + 52, -p*f + 38 = -g. Let d = g - -62. What is the remainder when 47 is divided by d?
23
Let h(r) be the second derivative of 2*r**3 - 3*r**2 - r - 1/12*r**4 + 0. What is the remainder when 102 is divided by h(9)?
18
Suppose 6*l - 137 = -53. Let t(z) = 11*z - 184. Calculate the remainder when t(24) is divided by l.
10
Let k = 15 + 142. Let i = k + -151. What is the remainder when 53 is divided by i?
5
Let y(g) = -3*g**2 - 48*g - 35. Let v be (-2)/1*(-12)/((-12)/7). What is the remainder when y(v) is divided by 16?
1
Let c = 446 + -414. Let x(f) = f**2 + 5*f + 7. Let d be x(-4). Suppose -15 = -d*s + 39. What is the remainder when c is divided by s?
14
Let g(f) = 14*f - 24. Let w(n) be the third derivative of n**5/60 + n**4/12 + 28*n**2. Let c be w(1). What is the remainder when 45 is divided by g(c)?
9
Calculate the remainder when 5758*16/32*(-10 - -11) is divided by 45.
44
Suppose -17 = -5*o - g + 248, 5*o - 4*g - 265 = 0. Let d = -135942 - -135956. Calculate the remainder when o is divided by d.
11
Let y(c) = 179*c**2 + 15*c + 17. Let m be y(-3). Suppose -491 = 21*w - m. What is the remainder when 143 is divided by w?
39
Calculate the remainder when (1/(-2))/((464/(-86368))/29) is divided by 45.
44
Let o = -895 + 916. Calculate the remainder when 164 is divided by o.
17
Let u(i) = 3*i**2 + 20*i + 48. Calculate the remainder when 751 is divided by u(-4).
15
Let p(w) = 9*w**3 + 8*w**2 - 31*w - 7. Let y be p(5). Suppose 6*l - y = -251. What is the remainder when l is divided by 31?
28
Let c(j) = 34*j + 3377. Calculate the remainder when c(-83) is divided by 375.
180
Suppose -2*a + 3*a - 4*q + 269 = 0, 4*a + 5*q = -1055. Let r = a + 371. Calculate the remainder when r is divided by 22.
18
Suppose -2*w = -3*k + 54761, -107*w - 54782 = -3*k - 102*w. Calculate the remainder when k is divided by 50.
49
Suppose -2*n + 80 = -952. Suppose -3*j + n = j. Suppose -49 = -2*o + j. Calculate the remainder when o is divided by 46.
43
Suppose -46*r - 2340 = -82*r. Suppose -2*l + 39 = -z, -5*l + 2*l + 63 = -3*z. What is the remainder when r is divided by l?
11
Let h = -1768 + 1843. Calculate the remainder when 238 is divided by h.
13
Suppose 10*s - 117 = -3*s. Suppose s + 0 = v. What is the remainder when 9 is divided by v?
0
Suppose 15112 = h + 15050. What is the remainder when 1301 is divided by h?
61
Let t = 2 - -11. Let g(a) = a - 3. Let f be g(3). Suppose -8*l + 182 = 5*y - 5*l, f = 4*y + 3*l - 145. What is the remainder when y is divided by t?
11
Let z(m) = 9*m - 59. Let i be z(7). Suppose -r + 8*f = 13*f - 235, i = -f. What is the remainder when r is divided by 32?
31
Suppose -3*w - 5*y + 90 = 0, 0 = 29*w - 33*w - 4*y + 112. What is the remainder when 1747 is divided by w?
22
Let m = 75 - 63. Calculate the remainder when 554/24 - (1048/(-96) + 11) is divided by m.
11
Let o(v) = -55*v - 6. Let z be o(0). Let a(c) = 9*c**2 + 33*c + 165. Calculate the remainder when a(z) is divided by 99.
93
What is the remainder when (344/12)/((12/(-846))/(-1)) is divided by 23?
20
Let c = -5199 + 5237. What is the remainder when 4710 is divided by c?
36
Let k be (-2)/11 + 5 + 64/(-11). Let h(q) = 12*q**2 - 2*q - 1. Calculate the remainder when 69 is divided by h(k).
4
Suppose -4*w = -3*q - 180, -3*w - 2*w = 5*q - 225. Suppose 0 = 3*h + 3*y - 57, -3*h + 18 = 5*y - w. What is the remainder when 269 is divided by h?
13
Suppose -2*r = 3*l - 3580, -l - 47*r + 1233 = -52*r. Calculate the remainder when l is divided by 39.
28
Suppose -126 = 2*r - 9*r. Calculate the remainder when 12/r - 7496/(-24) is divided by 63.
61
Calculate the remainder when 659 is divided by (-72)/(-30)*935/34.
65
Let l(a) = 3*a**2 + 35*a - 196. Calculate the remainder when 196 is divided by l(6).
74
Suppose -5*s - o + 26 = 0, 5*o + 28 - 8 = 5*s. Suppose -39 = -2*n + 9*j - 8*j, -s*n = 4*j - 130. What is the remainder when 107 is divided by n?
19
Let w(s) = -s + 195. Suppose -120 = -9*b + b. Calculate the remainder when w(16) is divided by b.
14
Let b(d) = -44*d**3 + 2*d**2 - 2*d + 1. Let x = -5 - -6. Let p be b(x). Let v = p - -85. What is the remainder when v is divided by 9?
6
Let w(c) = -c**2. Let l be w(0). Suppose 4*b + y + 164 = 0, 2*b + 180 = -3*b + 5*y. Calculate the remainder when 56 is divided by b/(-4)*(2 + l).
16
Let o(j) = -j**3 + 26*j**2 + 621*j + 84. Calculate the remainder when o(41) is divided by 12.
6
Let d = 343 + 333. Let b = d - 573. What is the remainder when b is divided by 28?
19
Let q be 102 - (-5 - (-7 + -2)). Suppose 164 = 4*d + 2*n, -2*d + 5*n = 10*n - q. What is the remainder when d is divided by 20?
19
Let l = -44 + 41. Calculate the remainder when 104 - (l/2)/((-6)/(-8)) is divided by 18.
16
Suppose -402452 + 1530722 = 510*v - 180*v. Calculate the remainder when v is divided by 58.
55
Let u(m) = 5